factor of 363 and x.
11
Suppose 64*h + 376 = 66*h. Suppose 302 = i + 2*i + k, 0 = 2*i - 2*k - h. Calculate the highest common factor of i and 77.
11
Let w be ((-33)/3)/((-4)/4*1). Let f be w/5 + (-3)/15. Suppose 0 = -2*y + f, -3*x - y + 418 = 3*y. What is the highest common factor of 6 and x?
6
Suppose -3*l - 3431 = -3*t + 1660, 0 = 4*t - 5*l - 6782. Calculate the greatest common factor of t and 655.
131
Suppose 38*x - 10023 = -371. Let y = x - 247. What is the greatest common factor of 8 and y?
1
Let s(u) = -u**2 + 264*u + 10044. Let b be s(0). What is the highest common factor of b and 81?
81
Let t(k) = -2*k**2 - 18*k + 29. Let h be t(-9). Suppose h*m - 1540 = 22*m. Calculate the highest common factor of m and 30.
10
Suppose -2*u = -u - 11. Let q(z) = 39*z + 25. Let g(s) = 275*s + 176. Let n(o) = 3*g(o) - 22*q(o). Let b be n(-2). What is the highest common factor of b and u?
11
Let j = -3 + 8. Suppose -f + 0*w + 185 = j*w, -f = -3*w - 185. Let s = 28 - -9. What is the highest common divisor of f and s?
37
Let p(f) = 203*f - 16845. Let h be p(83). What is the highest common divisor of h and 8060?
4
Let y = 1055 - 951. Calculate the greatest common factor of y and 91.
13
Suppose -2*u + 16*g = 11*g - 218, 206 = 2*u - 7*g. Let q be 1/(2/404*-2). Let w = u + q. Calculate the highest common divisor of 207 and w.
23
Let u(q) = q**2 - q + 14. Let p be u(2). Suppose 13*t - 30*t + 51 = 0. Calculate the greatest common divisor of p and t.
1
Suppose -5*j - x = -9, 3*j - 3*x = 6 + 3. Let i be 3*(-8 - 230)*j/(-12). Calculate the greatest common factor of i and 17.
17
Let k(y) = -y**3 - 9*y**2 + 13*y + 34. Let n be k(-10). Suppose -74 = -u - 2*m, n*u - 348 = 2*m - 32. What is the highest common divisor of u and 18?
6
Let d = -5165 + 5181. What is the highest common divisor of 1396 and d?
4
Suppose 7924 = 4*f + l - 10991, -5*f = 3*l - 23635. What is the highest common divisor of f and 22?
22
Let u be (14/8)/(1/36). Suppose 4 = -2*o + 3*o, 5*g = 3*o + 618. Suppose -4*t + g = -t. What is the highest common factor of t and u?
21
Let q(l) = -3*l**3 + 2*l**2 + 4*l + 2. Suppose 2*w = -5*a, -4*w + 20 = -0*w. Let b be q(a). Let h = 610 + -324. What is the highest common factor of h and b?
26
Let h be 5*(-6)/(-45)*36/8. Let a be (h/(-12) - (-195)/(-20))/(-1). Let f = 71 + -46. What is the highest common factor of a and f?
5
Let l be 39/(-65) - 4358/(7/((-21)/15)). Calculate the greatest common factor of l and 455.
13
Let w(o) = 98*o + 5557. Let h be w(-56). Calculate the greatest common factor of h and 2553.
69
Let v be ((-23)/(-2))/((88/(-1056))/(7/(-3))). Calculate the highest common divisor of 182 and v.
14
Let p(q) = -2*q**2 - 19*q - 27. Let f be p(-6). Suppose -n + 9 = f. Let l be 8/12*n - -90. Calculate the highest common divisor of 43 and l.
43
Let z(c) = -2*c**3 + 18*c**2 + 154*c - 16. Let o be z(-6). What is the greatest common factor of o and 1610?
70
Let h = 901 - 1507. Let w = h - -619. Suppose 3*c = 3*p + 162, p - 202 = -4*c - 2*p. Calculate the highest common factor of w and c.
13
Let a(j) = 6*j**3 - 4*j**2 + 62*j - 300. Let k be a(5). Let b = 88 - 28. What is the highest common factor of b and k?
60
Let x = -37 + 42. Suppose x*u - 2*t + t - 75 = 0, 2*u - 30 = -2*t. Let g = -39 + 42. What is the greatest common factor of u and g?
3
Suppose 16*m - 12 = 13*m. Suppose -9*r - 15 = -m*r - x, 2*x - 6 = -2*r. Let b be (6/r)/(1*2/(-14)). What is the greatest common factor of 84 and b?
21
Let h = 1614 - 628. Suppose 3*o - 457 = h. Calculate the highest common divisor of 13 and o.
13
Suppose -618*o + 656*o + 70651 = 272317. Calculate the greatest common divisor of o and 244.
61
Suppose 0 = -210*x - 182*x + 428*x - 115056. What is the greatest common divisor of 170 and x?
34
Let n = 20924 - 17196. What is the highest common divisor of 48 and n?
16
Let f(i) = i**2 + 177*i - 689. Let v be f(4). Calculate the greatest common divisor of v and 3136.
7
Let h(q) = 4*q - 19. Let w(r) = 2*r**2 - 12*r + 11. Let d be w(7). Let b be h(d). Suppose -1 = b*z - 82*z. Calculate the greatest common factor of 5 and z.
1
Suppose 0 = -4*u - f + 4, 0 = u + 3*f + 2*f + 18. Let t be (u + 2)/((-1)/(-1)). Let z = 70233 + -70225. Calculate the greatest common divisor of t and z.
4
Suppose 3030*w - 154 = 3028*w. Calculate the highest common factor of 1771 and w.
77
Suppose -240 = -16*l - 4*l. Calculate the greatest common factor of l and 42504.
12
Let r = -15985 + 39124. What is the greatest common factor of r and 81?
27
Let p(w) = 7*w**2 - 440*w - 965. Let h be p(65). Let c(v) = -v**2 + 10*v - 1. Let i be c(8). Calculate the greatest common factor of h and i.
5
Let p(r) = -2*r - 198 + 75*r**3 - 12*r**3 + 204. Let a be p(2). What is the greatest common divisor of 46 and a?
46
Let h(c) = 22*c**3 - 10*c**2 + 14*c - 49. Let f be h(11). Calculate the greatest common factor of 19 and f.
19
Suppose -29*a + a - 56*a = -205884. What is the greatest common factor of 258 and a?
129
Let b be ((-27591)/68)/((-74)/(-40) - 2). Let i be (-6)/((-30)/b) - -8. Calculate the greatest common divisor of 9 and i.
9
Suppose 3*v - 20 = -2*v - z, 5*z = -4*v + 16. Let c(d) = 372*d - 16672. Let f be c(45). What is the greatest common factor of f and v?
4
Suppose v = 2*y - 437, 4*y + 4*v = -0*v + 892. Suppose 33*q - q - 1280 = 0. Calculate the greatest common divisor of y and q.
20
Let m(c) = -3*c + c**2 + 89 + 8*c + 0*c - 19*c. Let b be m(17). What is the greatest common divisor of 10 and b?
10
Let g be (-2635)/(-35) + 16/(-56). What is the greatest common factor of g and 10?
5
Let u be ((-129096)/528)/(-1*-1*(-2)/4). Calculate the greatest common factor of u and 7498.
163
Suppose -154 = 72*x - 7714. What is the greatest common divisor of 15 and x?
15
Let i(c) = -3*c - 47. Let j be i(-17). Suppose -11 = -z + j*n, -z - 7 = 10*n - 5*n. Calculate the highest common factor of 18 and z.
3
Suppose -6*w = 7*w - 6266. Let q = -412 + w. Calculate the greatest common divisor of 126 and q.
14
Suppose 0 = -95*t + 100*t + 5. Let u(k) = 39*k**2 - 4*k - 1. Let z be u(t). What is the highest common divisor of 24 and z?
6
Suppose 5*q - 13 = -5*p + 702, -3*q - 4*p = -430. Calculate the greatest common factor of q and 10.
2
Let q be (17 - 3006)/7*6/(-14). Calculate the highest common factor of 3233 and q.
61
Let g(y) = y**2 - 71*y + 1020. Let w be g(59). What is the highest common factor of w and 13?
13
Let j be 4/(2*12) - 36861/(-18). Calculate the highest common factor of j and 64.
64
Let p = -65 + 53. Let u = 47 + p. Let t(r) = 9*r + 49. Let i be t(14). What is the highest common factor of u and i?
35
Let u be 0/(2 + -2 - 1). Let x be u - 4 - (-398 + -4). Let g = -279 + x. Calculate the greatest common divisor of 17 and g.
17
Let i = -3020 - -3095. Calculate the greatest common factor of i and 5550.
75
Let u(r) = -6*r**2 - 2. Let v be u(-5). Let j = v + 472. Suppose 0 = -0*g - 10*g + j. What is the greatest common factor of g and 4?
4
Suppose 0 = 6*r - 955 - 653. Suppose -k - 4*l + 344 = 3*k, -3*k - 5*l + r = 0. Calculate the greatest common divisor of k and 135.
27
Suppose -4*x + 19 = -y, -x - 18 + 20 = -3*y. Calculate the highest common divisor of 2895 and x.
5
Suppose 23 = q - 3*i, 4*q - 14 - 93 = -3*i. Suppose -4*d - q = -70. Let x be -4*(-268)/48 - 7/21. What is the highest common divisor of d and x?
11
Let v = 3135 + -2887. What is the highest common divisor of 72 and v?
8
Suppose 4*i - 1245 = -5*c, -4*c = -c + i - 740. What is the highest common divisor of 196 and c?
49
Suppose 3*y + 19 = 2*y + 4*v, -2*v - 95 = 5*y. Let k = 40 + y. Let u = 57 - k. What is the greatest common divisor of 24 and u?
12
Let i = 5478 + -5446. Calculate the greatest common factor of 6112 and i.
32
Suppose -2*o + 1652 = -6*q + 11*q, 2*q - 4*o = 656. What is the greatest common factor of q and 615?
15
Let p(d) = 3*d + 71. Let u be p(-23). Let b(w) = -12*w + 2*w**2 + 5*w + 6 + 10*w**u - 11*w**2. Let y be b(7). Calculate the highest common divisor of 54 and y.
6
Let z = -2964 - -3042. What is the highest common divisor of 325 and z?
13
Suppose o - 6*o + 825 = 0. Suppose -4*g + 1115*b + 132 = 1118*b, -5*b - 100 = -4*g. What is the highest common factor of o and g?
15
Let t = -1785 - -1821. Calculate the greatest common divisor of 1593 and t.
9
Let j